 of o.
2, 3, 7
Let g be ((-6)/(-4))/(1 - (-3)/(-6)). Suppose 4*u - 17 = -d + 2*d, 6 = -g*u - 3*d. What are the prime factors of (-2 - 87/(-9))/(u/63)?
7, 23
Suppose 53 = h - 2*r + 9, 3*r + 3 = 0. Let y be (-35*8/(-80))/((-4)/(-24) - 0). Let l = y + h. What are the prime factors of l?
3, 7
Let b(t) = -2*t + 4. Let m = -43 - -45. Let n be b(m). Suppose -r - 2 + 4 = n. List the prime factors of r.
2
Suppose -35*m = -43*m + 160. Let i = m + 430. List the prime factors of i.
2, 3, 5
Let j(w) = -w - 1. Let s(m) = -47*m - 10. Let c(b) = -3*j(b) + s(b). Let x be c(-4). Let o = x + 2. List the prime factors of o.
3, 19
Suppose -z = 2*o - 5 + 1, z = 2*o - 8. Suppose -o*a + 8*a = 1315. What are the prime factors of a?
263
Let j = 12359 - 3612. List the prime factors of j.
8747
Let m = 21220 - 10557. What are the prime factors of m?
10663
Suppose 2*m - 4*w = 108, 2*w + 3 = w. Suppose -m + 256 = 4*j. List the prime factors of j.
2, 13
Let m be 6/4*-7 + (-8)/16. Let w(z) = z**2 - 18*z - 79. List the prime factors of w(m).
2, 3, 5
Let o be 27640/32 + (-6)/8. Suppose x + w + o = 5*x, -5*w + 437 = 2*x. Suppose 66 = -5*d + x. What are the prime factors of d?
2, 3, 5
Suppose 6*m = -4*q + m + 4993, -5*q + 4*m = -6272. Suppose -3*g + 630 = i, 2*i + 12*g = 10*g + q. List the prime factors of i.
2, 3, 13
Let p = -244 + 415. Suppose 12*r - p = -7*r. What are the prime factors of r?
3
Let j(o) be the third derivative of -o**6/120 + 19*o**5/60 - 25*o**4/24 + 73*o**3/6 + 2*o**2 + 13*o. List the prime factors of j(16).
3, 7
Let a = -22 - -18. Let t be 6/a*3/9*-16. List the prime factors of (-105)/((44/t)/(-11)).
2, 3, 5, 7
Let o be (-8281)/(-117) + (-4)/(-18). Let g = 133 - 130. List the prime factors of o - 4 - (g + (-1 - 3)).
2, 17
Let k(u) be the first derivative of u**3/3 - 33*u**2/2 - 14*u - 32. Let r be k(18). Let g = -124 - r. What are the prime factors of g?
2, 5
Let h = -4853 - -9236. List the prime factors of h.
3, 487
Suppose -3*g - 10 - 5 = q, q = -2*g - 10. Suppose 3*f - 8*f + 5*l = -1360, q = -4*l - 8. What are the prime factors of f?
2, 3, 5
Suppose i + 2*i - 25547 = 2*y, 6 = 3*y. What are the prime factors of i?
3, 17, 167
Let f(z) = 202*z**2 - 56*z - 389. List the prime factors of f(-8).
3, 13, 37
Let g(c) = -c**3 + 103*c**2 - 331*c - 79. What are the prime factors of g(98)?
37, 419
Let p = 743 + 6954. List the prime factors of p.
43, 179
Suppose 0 = -3*s + 21, 26705 = 2*w + 5*s - 3046. List the prime factors of w.
2, 17, 19, 23
Let l be 1 + (-13)/(-2) + 2/4. What are the prime factors of ((-304)/(-12) - 2)/(l/156)?
5, 7, 13
Let a(s) = 15*s**2 + 8*s - 32. Suppose 0 = -29*v - 162 - 12. List the prime factors of a(v).
2, 5, 23
Let m be ((-24)/(-30))/(1/5). Let y be 2 - -1 - -1 - m. Suppose 10*l + y*l = 950. What are the prime factors of l?
5, 19
Let a(j) = 29*j - 13. Let t(u) = 58*u - 25. Let s(l) = -l**2 - 14*l - 4. Let x be s(-14). Let y(r) = x*t(r) + 9*a(r). List the prime factors of y(5).
2
What are the prime factors of (131396/(-18))/(-1) - 25*(-8)/900?
2, 5, 73
Suppose -49*a - 32*a - 90*a = -1755657. List the prime factors of a.
10267
Let n be (-2)/(-9) + 826448/423. Let v = n + -1366. List the prime factors of v.
2, 3, 7
Let g(w) = 3*w**2 - 17*w - 14. Let y(p) = -p**2 + p - 1. Let q(i) = -g(i) - 5*y(i). Let f(v) = -2*v - 30. Let r be f(-12). What are the prime factors of q(r)?
19
Let k(q) be the third derivative of 205*q**4/24 - 260*q**3/3 - 35*q**2. List the prime factors of k(6).
2, 5, 71
Suppose -12*f - 48 = -0*f. What are the prime factors of (2 - f)*(105 - (-4 - -4))?
2, 3, 5, 7
Suppose -k - 4*l + 103 = 0, -117 = -4*k + 5*l + 253. Let f = -237 + k. Let a = -74 - f. What are the prime factors of a?
2, 17
Suppose -2*x + 80258 = -g, -40078 = 25*x - 26*x + 9*g. What are the prime factors of x?
2, 79, 127
List the prime factors of 9/6 + 77882/28 - -5.
2, 17, 41
Suppose m - 42 = 8*q - 6*q, 0 = 5*m + 4*q - 168. Let v be (-3 - 82 - 2)/(-1). Let y = v + m. What are the prime factors of y?
3, 41
Let q = -1727 + 4769. List the prime factors of q.
2, 3, 13
List the prime factors of (99/(-36)*4 - -9408)/1.
9397
Suppose -47*h - 83 = -48*h. Let m = -75 + h. What are the prime factors of m?
2
Suppose 2*y = -4*l - 30, -3*l - 10 = 3*y - 2*y. List the prime factors of (-1724)/(-5) + (-4 - 105/y).
3, 5, 23
Suppose h = -3*h - 4*v + 8, 0 = 2*h + v - 4. Suppose -652 = -2*a - 2*p, h*a + p = -0*a + 648. List the prime factors of a.
2, 7, 23
Suppose -4*v - 5*w + 17550 = 0, -7*v + 3*v - 3*w = -17554. What are the prime factors of v?
2, 5, 439
Suppose 156 - 31 = -25*j. Let f(i) = 3*i**2 + i - 9. List the prime factors of f(j).
61
Suppose -2*r - v - 8 = -5*r, -4*v + 16 = 0. Suppose -r*p - o = 813 - 4197, -1694 = -2*p - o. What are the prime factors of p?
5, 13
Let d be 6*2/4 + 2. Suppose -4*w + j - 18 = 2*j, -d*w - 14 = -3*j. What are the prime factors of 4*(w - 123/(-4))?
107
Suppose -4*q - 24 = -2*l, 19*q - 20*q - 12 = -2*l. Suppose -l*p + 4*z = -552 - 116, 0 = 2*p + 3*z - 324. List the prime factors of p.
3, 5, 11
Let o = -14781 + 25059. List the prime factors of o.
2, 3, 571
Suppose 2*v - 12669 - 40921 = -4*c, -4*c - 134003 = -5*v. List the prime factors of v.
3, 8933
Let z(i) = 27*i**3 + i**2 - 2*i + 1. Let h = 110 - 109. Let l be z(h). List the prime factors of (9/6)/(l/990).
5, 11
Suppose 1530373 = 79*g + 496658. What are the prime factors of g?
5, 2617
Suppose -3*j + 0*j = -9, -2*j = -5*l + 1139. Let h = 31 + l. Suppose -24*o = -20*o - h. What are the prime factors of o?
5, 13
Let r = -36 + 48. Let n(t) = 43 - r - t + 2*t. List the prime factors of n(9).
2, 5
Suppose 4*q + 67 = -265. Let r = 220 - q. List the prime factors of r.
3, 101
Let l be -10*(-2 - 1305/10) + 4. Let a = l + -941. List the prime factors of a.
2, 97
Let w = 798 - 399. Suppose 3*p - p + 544 = 0. Let o = p + w. List the prime factors of o.
127
Suppose 0 = -q - 2*v + 216 + 10107, -3*v - 20611 = -2*q. What are the prime factors of q?
10313
Let h = 85480 + -48821. List the prime factors of h.
7, 5237
Let n(k) = 53*k**3 + 8*k**2 - 16*k + 24. List the prime factors of n(6).
2, 3
Let s = -2114 - -10505. What are the prime factors of s?
3, 2797
Let r(d) = -10*d - 45. Let k be r(-17). Let i = k - -134. What are the prime factors of i?
7, 37
Let x(c) = 2*c - 41. Let p be x(22). Suppose -i + 0*i = -5. Suppose 4*q - p*q = 3*v - 434, -q = i*v - 710. What are the prime factors of v?
11, 13
Let n(s) = -20*s - 11. Let i = -128 - -125. List the prime factors of n(i).
7
Let m(a) = 9*a**3 + 5*a**2 + 3*a - 16. Let v be m(4). Suppose 2*h + i = -i + v, 0 = 2*h - 2*i - 656. What are the prime factors of h?
3, 109
Let n = 8056 + -4709. Suppose 0 = -v + p + 1681, -6*v = -4*v + p - n. List the prime factors of v.
2, 419
Suppose 2 = -2*a + 2. Suppose 17*p - 321 - 750 = a. Suppose -3*x - x = -o + p, -5*o - 2*x + 403 = 0. What are the prime factors of o?
79
Suppose -w - 16521 = -3*s, 6*s - 22009 = 2*s - 5*w. What are the prime factors of s?
2, 2753
Suppose 18864 = 13*m - 13701. List the prime factors of m.
3, 5, 167
Suppose -1113*q + 1089*q = -137664. What are the prime factors of q?
2, 3, 239
Let f(k) = -2*k**2 + 35*k + 120. Let r(p) = -7*p**2 + 103*p + 360. Let u(v) = 10*f(v) - 3*r(v). List the prime factors of u(-48).
2, 3, 19
Let q = 143 + -139. Suppose -q*p - 5*r - 664 = -2228, 5*p - 1910 = 5*r. List the prime factors of p.
2, 193
Let x(w) = 4*w**3 - 24*w**2 - 66*w + 48. List the prime factors of x(21).
2, 3, 53, 79
Suppose 51*u - 19*u - 225024 = 0. List the prime factors of u.
2, 3, 293
Let d = 20 - 6. Suppose -l + 2*y - 16 = d, 5*l + 3*y + 189 = 0. What are the prime factors of ((-76)/6)/(24/l)?
19
Let l(g) = 4*g**2 + 46*g + 38. Let y be (3 - -1 - 5) + -17. List the prime factors of l(y).
2, 11, 23
Suppose 0 = 6*r - 0*r + 396. Let y be (-4)/22 + 318/r. What are the prime factors of ((-182)/y)/((-3)/(-15))?
2, 7, 13
Let p = -8162 - -20176. List the prime factors of p.
2, 6007
Suppose 0 = a - 4, 2*q + 4*a - 156 = -2*q. Let d be 1/(4/80*4). Let b = d + q. What are the prime factors of b?
2, 5
Let l = 55 - 45. Suppose -3*d - 462 = -l*d. Let g = d - -80. What are the prime factors of g?
2, 73
Let p be 428/16 + (-1)/8*6. Suppose 2*x + p - 368 = 0. Let f = x + -81. List the prime factors of f.
2, 3, 5
Suppose -4*w + 4*